 - -3. Let j be g(z). What is the greatest common factor of f and j?
17
Suppose 0 = -736*c + 727*c + 378. Let x be c + 10 - (-4 + 2). Let w(o) = o**2 + o + 72. Let p be w(0). Calculate the highest common factor of p and x.
18
Let u be (8/(-24))/(2/12). Let y be -28*(165/(-20) - u). Let x be 54/(4 + -2) - 2. Calculate the greatest common divisor of y and x.
25
Let f(a) = -7*a**3 + 22*a**2 - 5*a + 10. Let p be f(3). Suppose 2*z + p = 88. Suppose 35 + 189 = 4*i. Calculate the greatest common factor of i and z.
14
Suppose -3*c - 897 = -3*m, 4*m + 4*c = m + 932. Let x be -19 + 80/(-48)*-21. What is the highest common factor of x and m?
16
Let y be (-140 - 4)*825/(-99). Calculate the highest common divisor of 64 and y.
16
Let m be (1/2)/(2652/(-408)*2/(-4238)). What is the highest common factor of 4 and m?
1
Let x(c) = 88*c**3 - c**2 - 3*c - 2. Let l be x(-1). Let o = -44 - l. Let q = -14 - -18. What is the highest common factor of q and o?
4
Let h = 5899 - 3598. What is the greatest common factor of h and 708?
177
Let l(x) = -x**2 - 7*x - 16. Let v be l(-7). Let r = v + 21. What is the highest common factor of 415 and r?
5
Suppose 60 = 4*q - 108. Let a be -29 + q - (-1 - 0). What is the highest common divisor of a and 112?
14
Let o(f) = -2*f**3 + 35*f**2 - 69*f + 40. Let m(r) = -r**3 - r + 1. Let c(b) = m(b) - o(b). Let u be c(33). Calculate the highest common divisor of 675 and u.
27
Suppose -f = -4*u + 116, -3*f - 631 = -2*u - 573. Let q(p) = -106*p**2 + p + 1. Let w be q(2). Let o = -218 - w. What is the highest common divisor of o and u?
29
Suppose -220*t = -62*t - 68454 - 45306. What is the highest common divisor of 990 and t?
90
Suppose 144 = 99*x - 98*x. Suppose 33 = -4*q + 97. What is the highest common divisor of q and x?
16
Suppose 13*f - 16*f = 2*o - 328, 5*o = -4*f + 834. Let w(k) = k**3 - 6*k**2 - 6*k + 10. Let x be w(7). Calculate the highest common factor of x and o.
17
Let r be (-25)/10*482 - -10. Let y = r - -1265. Let f = 12 + -2. Calculate the greatest common factor of y and f.
10
Suppose 60 = -2*j - 5*g, 0 = -5*j + 3*j - 2*g - 54. Let n = -24 - j. Let w be (-2)/(7/(-35) - n/45). What is the highest common divisor of 63 and w?
9
Let a be (14/20)/(-7) - (387283/130)/(-31). What is the greatest common factor of a and 834?
6
Suppose 0*x - x = -96. Suppose -15*o + 36*o = 1596. Let v be ((-342)/o)/(2/(-16)). Calculate the greatest common divisor of v and x.
12
Let u(l) = l**2 + 6*l - 6. Let j be u(-6). Let h be 5/1 + j/(-2). Suppose -175 = -5*g - 3*a, g - 49 - 8 = -5*a. What is the greatest common divisor of h and g?
8
Let x = -2137 - -3247. Calculate the highest common factor of x and 30.
30
Let m be (-11)/(-14)*290 - (-114)/798. Let t = m + -174. What is the highest common factor of t and 36?
18
Suppose -3*l + 5*q = -5272, 15*q - 13*q - 1772 = -l. Calculate the highest common divisor of 3 and l.
3
Let a = -11 + 17. Let i = -8894 - -8996. Suppose a*t - i = 126. What is the greatest common factor of t and 57?
19
Let w be (-380)/(-2850) + 433/15. Calculate the greatest common factor of 551 and w.
29
Let v be (-12)/(-8)*(-24)/(-9)*173. Suppose 3*k - 514 = 2*d, 3*k - 4*d = -k + v. Let t = k - 77. Calculate the greatest common divisor of 13 and t.
13
Let o be (35/(-10) + 6)*4/5. Let t be (-33)/(-66) + 159/o. What is the highest common divisor of t and 560?
80
Let u(o) = o**3 - 5*o**2 - 11*o - 18. Let v be u(-5). Let n = v - -255. Calculate the highest common factor of n and 70.
14
Suppose -3*i = 5*i - 192. Let c be (126/i)/((-6)/(-16)). Let f = -37 - -72. What is the highest common factor of f and c?
7
Let s be 112/6 - (-1)/3. Suppose 3*d - s*d = -816. Suppose 0 = 3*g + n - d, g - 2*n - 3 = 7. What is the highest common divisor of g and 16?
16
Let a = -120 - -123. Let z be (12/15)/(12/90). Suppose -3*f + 4*n + 63 = 0, 2*f + 4*n - 48 = -z. What is the greatest common divisor of f and a?
3
Suppose -17*g + 3149 + 5990 = -5141. What is the highest common divisor of g and 910?
70
Let r be 1 + 0 + 0 + 0. Let q = 15 + -15. Suppose 10*k + 30*k - 280 = q. Calculate the greatest common factor of r and k.
1
Let i be -3 - (249/(-3) - 6). Let p = 216 - i. Calculate the greatest common divisor of p and 104.
26
Suppose -5*d - 29 + 84 = 0. Suppose 14*k = d*k + 117. Let w = k + -14. What is the highest common factor of w and 100?
25
Suppose -8*u + 4*u - 3*d + 175 = 0, 0 = -2*u - 5*d + 105. Suppose -1030 = -3*g - 2*r, 4*g - 640 - 695 = 5*r. What is the highest common divisor of g and u?
20
Let v(o) = -o**3 + 3*o**2 - o - 4. Let p be v(4). Let g be 17/2*p/(-3). Let z be 6993/407 - (-2)/(-11). Calculate the highest common divisor of g and z.
17
Let f = 51 - 15. Suppose 4*y + b + 18 - 6 = 0, -4*y - f = -5*b. Let o be (0 - 3) + (-44)/y. Calculate the greatest common divisor of o and 4.
4
Suppose 342*n = 370510 + 136334. Calculate the highest common divisor of 78 and n.
78
Let d be 64/(-288) - ((-857)/9 - 0). Let g = 119 - d. What is the highest common factor of g and 104?
8
Let x = -96 + 108. Let q(r) = -3*r - 38. Let a be q(-14). Suppose -5*i = -a*j + 503, -3*j + 5*i + 234 = -137. Calculate the highest common factor of j and x.
12
Let v(d) = 2*d**3 - 9*d**2 - 32*d + 54. Let w be v(7). What is the greatest common divisor of 195 and w?
15
Let n(z) = 4*z + 41. Let m = -61 + 56. Let d be n(m). Suppose 3*c + c = 588. Calculate the greatest common divisor of c and d.
21
Let m = 87 - 82. Let y be (-1 - (m + -1)) + 120. What is the greatest common divisor of 23 and y?
23
Let n = -19182 + 19225. Calculate the highest common factor of n and 11008.
43
Let m(b) = b**2 + 479*b - 7745. Let t be m(16). Suppose 0 = 2*i + i - 2*l - 15, l - 3 = 0. What is the greatest common factor of i and t?
7
Let x(d) = 109*d + 241. Let j be x(-1). What is the highest common factor of 616 and j?
44
Suppose 3*v = 9*v + 36. Let u be 4 - (v + 4 + 2 + -56). Calculate the highest common divisor of u and 100.
20
Suppose -38 - 12 = -5*k. Let b = -15240 - -15250. Let a = b + k. What is the highest common factor of 60 and a?
20
Let g(y) = 25*y**2 + 2*y + 13. Let u be g(5). Let r = -1087 + 1135. What is the highest common factor of r and u?
24
Let d = -623 - -637. Let t be (-6 + 105/d)*36. Calculate the greatest common factor of t and 189.
27
Let p = -299 + 207. Let w = -96 - p. Let y be w/(-18) + (-2176)/(-9). What is the highest common divisor of 22 and y?
22
Let k = 35 + -29. Suppose -k*h - 8 = -14*h. Let y = 9 - 8. What is the greatest common divisor of y and h?
1
Let t be 3 + 3*(-3 + 4). Suppose -176 = -14*o + 412. Calculate the greatest common factor of t and o.
6
Let z = -273 + 327. Suppose -122 = -2*i - z. Calculate the greatest common factor of i and 544.
34
Let j = 101 - 24. Let k = -230 + 226. Let v be (4/48*4)/(k/(-132)). What is the highest common divisor of j and v?
11
Let a = 6356 + -5302. What is the highest common divisor of 496 and a?
62
Let b = 370 + -138. Suppose 4*z - 21 = -5*a - 9, 4 = -2*z - 5*a. Calculate the greatest common divisor of z and b.
8
Suppose 224*x - 221*x = 627. Suppose -64 = -7*p + x. Calculate the highest common divisor of 299 and p.
13
Let u(l) = 689*l**2 + 5*l - 3. Let c be u(1). Suppose 4*m = 5*f - c, 3*m + 11 + 1 = 0. Calculate the highest common divisor of f and 15.
15
Let x(o) = -o**3 - 6*o**2 + 7. Let d be x(-6). Let v(r) = 839*r + 5908. Let l be v(-7). Calculate the greatest common factor of d and l.
7
Let p = -13 + -44. Let o = p + 67. Suppose 225 = -o*x + 15*x. What is the greatest common divisor of x and 5?
5
Let a be 16/3 + (-6)/(-9). Suppose 495 = 3*m + 3*g + 2979, 4*g - 843 = m. Let l = -765 - m. Calculate the greatest common factor of a and l.
6
Suppose -21*i + 412 = 118. What is the greatest common factor of i and 3129?
7
Let t be 8/1*4/8. Suppose 40 = t*m - 4*c, 2*m - 16 = -2*m - 4*c. Let w = -25575 + 25582. Calculate the greatest common factor of w and m.
7
Let d be ((-19)/(-38))/(((-32)/384)/((-517)/3)). What is the highest common divisor of 1782 and d?
22
Suppose n - 3*n + 34 = 0. Suppose 0 = o - 5*k - 240, 4*k = o - 332 + 93. Suppose -16*x = -1125 - o. Calculate the greatest common factor of x and n.
17
Suppose 0 = 3*j - 0*j - 231. Let l(k) = -k**3 - 4*k**2 + 18*k + 9. Let g be l(-7). Suppose 18*z = g + 96. Calculate the greatest common